by 10?
4
Suppose 7*h = 95 + 10. Let q be 18/6*h/9. Suppose q*u - 5 = 0, -2*s + 4*u + 260 = s. Calculate the remainder when s is divided by 15.
13
Suppose -47 = -3*s - 20. Suppose 20 = 5*j + 4*z, -j + z + 18 = -z. Suppose -o + s = -t, 5*o - 2*t = 4*o + j. What is the remainder when 18 is divided by o?
8
Let a be 10/(-4)*-10 - (-2 - 1). Suppose s = a - 2. Calculate the remainder when s is divided by 15.
11
Let i = -29 + 42. Let a(u) = 7*u**2 + 2*u - 1. Let c be a(1). Suppose s - c = -4*x, 3*s - 3*x - 11 = 13. What is the remainder when i is divided by s?
5
Let k(z) = 65*z**2 - z. What is the remainder when k(-1) is divided by 17?
15
Let d(k) = 24*k - 60. Calculate the remainder when 310 is divided by d(3).
10
Suppose 2*w = -5*u + 26, -w + 22 = 2*w - u. Let g(f) = 2*f**3 - 17*f**2 + 11*f - 15. Calculate the remainder when g(w) is divided by 6.
3
Let k be 9/(-8) + 2/16 + -1. Let a(f) = -f**3 + f**2 + 5*f + 1. Calculate the remainder when a(k) is divided by 2.
1
Suppose -392 = -2*y - 2*h - 2*h, 5*h + 1025 = 5*y. What is the remainder when y is divided by 51?
49
Let w(d) = 2*d**2 - 4*d + 3. Let i be (1 - 0)/((-11)/22). Let o = i + 4. Calculate the remainder when 13 is divided by w(o).
1
Suppose 53*v - 1602 = 44*v. Calculate the remainder when v is divided by 60.
58
Suppose 123 = 2*j + 3*d, -3*d - 51 = -j - d. Let i = 27 - 22. What is the remainder when j is divided by i?
2
Calculate the remainder when 266 is divided by 0 + 1/3 - 9842/(-111).
88
Suppose -c + 48 = 6*z - 5*z, -c + 5*z = -18. Calculate the remainder when 136 is divided by c.
7
Let z = -2 + 5. Let g be 0*(-2 + 5 + -2). Suppose g*v + 2*v = 4. Calculate the remainder when z is divided by v.
1
Suppose 3*f - 5 = 2*r, f + 5 = -4*f. What is the remainder when ((-2064)/108)/(r/(-6))*-3 is divided by 22?
20
Suppose -2*i = -43 + 13. Suppose 15 = 5*d - 4*h, -6*d + 5*h = -d - i. Suppose 3*a = -0*a, 5*j + 3*a = 5. Calculate the remainder when d is divided by j.
0
Let b be ((-18)/(-12))/(6/16). Suppose v - 80 = -3*v + 4*k, -b*k = 2*v - 46. Let m = 1 - -11. Calculate the remainder when v is divided by m.
9
Suppose -4*p - 39 = -p. Let u be (p/(-3))/((-2)/6). What is the remainder when 8/52 + (-102)/u is divided by 2?
0
Suppose -3*r + 15 = 9, 4*r + 43 = 3*x. Calculate the remainder when 111 is divided by x.
9
Suppose 0 = 2*w - 28 - 12. Let b = 3 - 5. What is the remainder when (-1074)/(-14) - b/7 is divided by w?
17
Suppose 0 = -4*a + 805 - 657. What is the remainder when 112 is divided by a?
1
Suppose 6*a = 25*a - 3724. What is the remainder when a is divided by 51?
43
Let d = 6 + -4. Let y be (-3)/(-1) + 2*-1. Calculate the remainder when 21 is divided by (1 + y)*d*2.
5
Let z(k) = -5*k - 16. Suppose -6*y = -8*y - 20. What is the remainder when z(y) is divided by 7?
6
Let h = 167 + -144. Calculate the remainder when 38 is divided by h.
15
Calculate the remainder when 285 is divided by (-1 + 5/1)*(-481)/(-26).
63
Calculate the remainder when ((-171)/(-5))/((-93)/(-310)) is divided by 35.
9
Let t = 93 + 98. Calculate the remainder when t is divided by 66.
59
Calculate the remainder when 267 is divided by (-5 + 1)*(-20)/(-16)*-3.
12
Suppose -90 = -y - y. Let s(t) = t**3 + 4*t**2 - 5*t - 4. Calculate the remainder when y is divided by s(-4).
13
Let f = -825 + 904. Calculate the remainder when f is divided by 1/(2/8)*4.
15
Let i(v) = 3*v**3 - 4*v**2 - 5*v + 2. Calculate the remainder when 92 is divided by i(3).
28
Suppose g - 26 = -4*c + 3*c, 2*c - 3*g - 42 = 0. What is the remainder when (3/(-4))/((-2)/248) is divided by c?
21
Suppose 3*p - 1931 = -5*x, 5*p = x - 478 + 75. Calculate the remainder when x is divided by 23.
20
Let g(u) = u + 29. Let y be g(-25). What is the remainder when 5 - y*12/16 is divided by 1?
0
What is the remainder when 110*(19/10 + (-27)/18) is divided by 9?
8
Let b(j) = -j**3 + 35*j**2 + 34*j + 84. Let w be b(36). Let n(q) = -q**3 - 3*q**2 + 3*q + 6. What is the remainder when n(-4) is divided by 1 + -7 - (w - 22)?
2
Suppose i - 3*c - 71 = -0, -5*i + 377 = -4*c. Let j = i + -58. What is the remainder when 31 is divided by j?
12
Suppose c - 2*j - 5 = 0, -3*c - 4*j = -6 - 19. Calculate the remainder when c is divided by 1.
0
Suppose 0 = 15*l - 7*l - 424. Calculate the remainder when 527 is divided by l.
50
Suppose u = -32 + 38. Suppose -y = -9 - 8. Calculate the remainder when y is divided by u.
5
Let m(r) = 4*r. Let g be (-6 + 5)/(2/(-6)). Suppose 0 = y + g*y + 4*z - 176, -5*y + 2*z + 227 = 0. What is the remainder when y is divided by m(3)?
9
Suppose 13 = 4*n - 4*o + 1, -n - 3*o = -11. Suppose 7 = r + u - 6, u = -n*r + 57. Calculate the remainder when -82*(36/(-8) + 8/2) is divided by r.
8
Suppose -3199 = 45*t - 17689. Calculate the remainder when t is divided by 65.
62
Let c = -2143 + 2190. What is the remainder when c is divided by 7?
5
Suppose 0*f + 137 = 4*h + 5*f, 2*h - 61 = -5*f. What is the remainder when 529 is divided by h?
35
Suppose -3*n + 76 = -4*n. Let i = n + 117. Let y(q) = 18*q - 173. Calculate the remainder when i is divided by y(10).
6
Let r(t) = t**3 - 29*t**2 - 3*t + 107. Calculate the remainder when 91 is divided by r(29).
11
Let t be 5 + 1 + (-2 - -1). Suppose -t*d + 7*d = 26. What is the remainder when 37 is divided by d?
11
What is the remainder when 42 is divided by ((-13)/26)/(5/(-70))?
0
Let j = 247 + -77. Suppose -j = -3*p - 2*p. Suppose p = 5*r - 131. Calculate the remainder when r is divided by 12.
9
Suppose -1938 = -19*o - 627. What is the remainder when o is divided by 37?
32
Let f = 9 + -16. Let z be 6*(f/(-2) + -3). Suppose -5*v + 214 = -3*i, v + z*v - i = 167. What is the remainder when v is divided by 22?
19
Suppose 4 = -3*z + 37. Suppose 9*m - z*m + 8 = 0. What is the remainder when 14 is divided by m?
2
Let v = -4 - -38. Calculate the remainder when 135 is divided by v.
33
Suppose -24 = -0*p - 2*p. Suppose m = -2, 2*j + 0*m - p = 3*m. Let v(w) = 7*w - 1. What is the remainder when 79 is divided by v(j)?
19
Suppose -w = 4*h - 94, -h + 188 = 2*w + 4*h. Let g = w - 64. Suppose -12*d = -199 - 1205. What is the remainder when d is divided by g?
27
Let j(u) = 5*u**2 + u - 12. Calculate the remainder when 574 is divided by j(3).
34
Suppose 0 = -2*d + 6*d + 216. Let j = -31 + 50. What is the remainder when (d/15)/(6/(-90)) is divided by j?
16
Suppose 3*k + 0*k + 6 = 0, 227 = 5*d + 4*k. Let o(g) = g**3 - 19*g**2 + 83*g + 29. Calculate the remainder when d is divided by o(12).
13
Suppose a = l + 3*l + 67, -124 = -2*a + 3*l. Suppose 4*i - 79 = -g, -5*i + 0*g = -4*g - 125. What is the remainder when a is divided by 321/i + 2/(-7)?
14
Suppose 0 = 38*i + i - 19734. What is the remainder when i is divided by 39?
38
Suppose -5248 = -32*v - 0*v. Calculate the remainder when v is divided by 21.
17
Let y = 265 - 203. What is the remainder when y is divided by 10?
2
Let u(y) = -3*y - 3. Let g be u(-2). Suppose g*w - w = 6. Suppose -66 = -w*m + 9. Calculate the remainder when 74 is divided by m.
24
Suppose -69 + 249 = -3*p. What is the remainder when (102/(-8) - -1)/(15/p) is divided by 12?
11
Let v(x) = -x**2 + 5*x + 5. Let z be v(5). Suppose 61 = 3*f + f - z*r, 3*r - 11 = -f. Let w = 29 + -21. What is the remainder when f is divided by w?
6
Suppose q - 913 = -u - 0*q, 5*u = 5*q + 4615. What is the remainder when u is divided by 92?
90
Let k(o) = -3*o + 38. Let z be k(13). Let s(d) = 104*d**2 + d. What is the remainder when s(z) is divided by (-15)/(-10)*52/3?
25
Suppose -2*v = 3*m - 51, 7*m = 6*m - 3*v + 24. What is the remainder when 36 is divided by m?
6
Let x(z) be the first derivative of -z**4/4 + 11*z**3/3 - 10*z - 6. Let u be x(11). Calculate the remainder when ((-212)/u)/(6/15) is divided by 14.
11
What is the remainder when (-8)/10 - (-3179)/5 is divided by 12?
11
Let h(y) be the first derivative of 8 + 2*y - y**2 + y + 0*y**2 - 10*y. What is the remainder when 37 is divided by h(-10)?
11
Calculate the remainder when (-14)/21*174/(-4) is divided by 39*(-8)/(-18) - 8/(-12).
11
Let h(p) = -2*p - 9. Let n be h(-6). Suppose -t + 1 = -n. Suppose t*l = 153 - 17. Calculate the remainder when l is divided by 9.
7
Let v = -27 + 23. What is the remainder when (4/6)/(5/(-930)*v) is divided by 8?
7
Let n = -607 - -733. Calculate the remainder when n is divided b